hat are the prime factors of 64202470?
2, 5, 47, 136601
List the prime factors of 891025256.
2, 11, 10125287
What are the prime factors of 2338585797?
3, 19, 2159359
What are the prime factors of 2806016975?
5, 109, 1029731
List the prime factors of 189764905.
5, 11, 313661
What are the prime factors of 181129666?
2, 461, 196453
What are the prime factors of 211669960?
2, 5, 1171, 4519
What are the prime factors of 2848617089?
2848617089
What are the prime factors of 723625741?
723625741
List the prime factors of 258134641.
199, 607, 2137
List the prime factors of 66669391.
5689, 11719
What are the prime factors of 964390754?
2, 59, 373, 21911
List the prime factors of 207651865.
5, 41530373
What are the prime factors of 1077788598?
2, 3, 179631433
What are the prime factors of 46090981?
2437, 18913
List the prime factors of 402988887.
3, 7, 283, 3229
What are the prime factors of 9774250?
2, 5, 39097
List the prime factors of 475937724.
2, 3, 39661477
What are the prime factors of 25315702?
2, 12657851
List the prime factors of 10445535.
3, 5, 19, 643
List the prime factors of 198135998.
2, 99067999
List the prime factors of 73480432.
2, 29, 158363
List the prime factors of 822189490.
2, 5, 101, 814049
List the prime factors of 115108979.
43, 2676953
List the prime factors of 979224430.
2, 5, 67, 151, 9679
What are the prime factors of 413495700?
2, 3, 5, 1378319
What are the prime factors of 17202264?
2, 3, 239, 2999
List the prime factors of 33072239.
33072239
List the prime factors of 633282229.
31, 20428459
What are the prime factors of 107510572?
2, 13, 2067511
What are the prime factors of 3776164061?
103, 3299, 11113
What are the prime factors of 13385542?
2, 6692771
List the prime factors of 9197496278.
2, 8513, 540203
List the prime factors of 5560259.
199, 27941
What are the prime factors of 129864147?
3, 7, 191, 32377
List the prime factors of 280027878.
2, 3, 13, 3590101
List the prime factors of 648836180.
2, 5, 32441809
What are the prime factors of 84894300?
2, 3, 5, 94327
What are the prime factors of 114495823?
13, 8807371
What are the prime factors of 29989357?
29989357
List the prime factors of 61049596.
2, 67, 227797
What are the prime factors of 852752900?
2, 5, 8527529
List the prime factors of 29867062.
2, 17, 878443
List the prime factors of 1172079985.
5, 234415997
What are the prime factors of 1450092101?
2957, 490393
What are the prime factors of 6549482?
2, 367, 8923
List the prime factors of 3505927025.
5, 19, 167, 193, 229
What are the prime factors of 150226116?
2, 3, 73, 171491
List the prime factors of 1062884467.
281, 3782507
What are the prime factors of 214731266?
2, 23, 4668071
List the prime factors of 264119328.
2, 3, 11, 263, 317
What are the prime factors of 1896481242?
2, 3, 89, 101, 3907
What are the prime factors of 82627336?
2, 11, 938947
List the prime factors of 585256066.
2, 292628033
List the prime factors of 1665626072.
2, 11, 83, 457, 499
List the prime factors of 318777188.
2, 79694297
What are the prime factors of 3955852646?
2, 1977926323
List the prime factors of 38894994.
2, 3, 2160833
List the prime factors of 168635889.
3, 113, 165817
List the prime factors of 112266724.
2, 28066681
What are the prime factors of 8373200?
2, 5, 11, 173
What are the prime factors of 6665651473?
13, 512742421
List the prime factors of 247613429.
7, 359, 98533
List the prime factors of 102692552.
2, 349, 36781
What are the prime factors of 79742387?
457, 174491
List the prime factors of 1820120210.
2, 5, 103, 139, 12713
List the prime factors of 631439502.
2, 3, 19, 5538943
What are the prime factors of 7441747829?
43, 1019, 169837
What are the prime factors of 1795512135?
3, 5, 23, 37, 140659
List the prime factors of 379921649.
53, 7168333
What are the prime factors of 1415889145?
5, 11, 25743439
List the prime factors of 281396509.
193, 379, 3847
List the prime factors of 97120142.
2, 7, 47, 103, 1433
What are the prime factors of 756774158?
2, 7, 5101, 10597
What are the prime factors of 133054573?
31, 4292083
List the prime factors of 24810816.
2, 3, 129223
What are the prime factors of 18537158?
2, 67, 138337
What are the prime factors of 2713778151?
3, 7, 19, 41, 8731
What are the prime factors of 43263530?
2, 5, 929, 4657
List the prime factors of 2892411542.
2, 149, 1523, 6373
List the prime factors of 37823355.
3, 5, 61, 1531
List the prime factors of 43754750.
2, 5, 13, 13463
What are the prime factors of 199990709?
199990709
List the prime factors of 61524001.
7, 11, 257, 3109
What are the prime factors of 45088608?
2, 3, 469673
List the prime factors of 1948655781.
3, 823, 263083
What are the prime factors of 539316522?
2, 3, 59, 109, 1553
What are the prime factors of 450052165?
5, 107, 841219
List the prime factors of 6080092089.
3, 41, 79, 181, 3457
What are the prime factors of 5615468865?
3, 5, 124788197
What are the prime factors of 186120409?
19, 163, 3163
What are the prime factors of 28515878?
2, 647, 22037
What are the prime factors of 1012289313?
3, 7, 4091, 11783
What are the prime factors of 343010272?
2, 11, 89, 10949
What are the prime factors of 259047184?
2, 11, 41, 35899
What are the prime factors of 1058866838?
2, 3001, 176419
List the prime factors of 3073699529.
73, 103, 421, 971
What are the prime factors of 335641542?
2, 3, 83, 673979
What are the prime factors of 678894326?
2, 11, 101, 305533
What are the prime factors of 3001054373?
11149, 269177
List the prime factors of 84717461.
84717461
List the prime factors of 7353862442.
2, 61, 5393, 11177
What are the prime factors of 398522082?
2, 3, 7, 9488621
What are the prime factors of 818751558?
2, 3, 136458593
What are the prime factors of 61852597?
61, 89, 11393
List the prime factors of 7664639.
191, 40129
What are the prime factors of 2322467727?
3, 89, 463, 18787
What are the prime factors of 18289529?
71, 313, 823
What are the prime factors of 2133250256?
2, 59, 89, 25391
What are the prime factors of 63530671?
63530671
What are the prime factors of 1009260244?
2, 1549, 162889
What are the prime factors of 405359434?
2, 167, 1213651
List the prime factors of 1642550348.
2, 53, 163, 47533
List the prime factors of 19871226.
2, 3, 19, 97, 599
What are the prime factors of 1147587278?
2, 17, 33752567
List the prime factors of 1593481076.
2, 11, 3919, 9241
What are the prime factors of 11588132?
2, 47, 53, 1163
List the prime factors of 1291062015.
3, 5, 293, 97919
List the prime factors of 45050166.
2, 3, 7, 29, 12329
List the prime factors of 1288325805.
3, 5, 13, 431, 15329
List the prime factors of 84901135.
5, 11, 43, 35899
What are the prime factors of 54407153?
47, 487, 2377
What are the prime factors of 5430134128?
2, 683, 496901
List the prime factors of 248651007.
3, 11, 684989
List the prime factors of 541797055.
5, 17, 467, 13649
What are the prime factors of 5202758369?
29, 163, 241, 4567
What are the prime factors of 137648571?
3, 47, 976231
List the prime factors of 26704271.
11, 1097, 2213
List the prime factors of 81430823.
71, 839, 1367
List the prime factors of 423847962.
2, 3, 23547109
List the prime factors of 1320414292.
2, 67, 1733, 2843
What are the prime factors of 8039883?
3, 487, 5503
List the prime factors of 1540714603.
227, 6787289
List the prime factors of 7951031015.
5, 313, 541, 9391
What are the prime factors of 175821801?
3, 19, 31, 5237
List the prime factors of 242991981.
3, 31, 32257
What are the prime factors of 1358482987?
1358482987
What are the prime factors of 7680263?
2711, 2833
List the prime factors of 22166993.
22166993
List the prime factors of 35831197.
107, 257, 1303
List the prime factors of 1641831217.
13, 83, 1521623
What are the prime factors of 197442536?
2, 3593, 6869
List the prime factors of 178842697.
11, 41, 396547
List the prime factors of 468621868.
2, 11, 13, 71, 1049
List the prime factors of 927483002.
2, 83, 1217, 4591
List the prime factors of 6338141771.
13, 19, 103, 249131
What are the prime factors of 606636943?
11, 41, 47, 28619
What are the prime factors of 34681864?
2, 7, 47, 13177
List the prime factors of 2270427313.
7, 11, 23, 29, 44207
List the prime factors of 86270678.
2, 13, 19, 174637
What are the prime factors of 4386479261?
31, 73, 